 k be x(-2). Let p = k - 194. What is the highest common factor of p and 357?
21
Suppose -3*u + s + 1948 = -2*u, u - 4*s = 1942. Suppose -9*p + 5376 = -u. Calculate the greatest common divisor of p and 22.
22
Let y be (-3025)/(-10) - ((-230)/(-20) - 11). What is the highest common factor of 14 and y?
2
Suppose 0 = -2*d - 332 + 106. Let c = 148 + d. Calculate the highest common factor of c and 20.
5
Let i(u) = 24 + 25*u**2 - 9*u + u**3 + 19 - 21 + 56 - 43*u. Let h be i(-27). What is the highest common factor of h and 60?
12
Let b(y) = 4*y - 92. Let m be b(24). Suppose -5*f - 2*n + 3*n + 125 = 0, f = m*n + 6. What is the greatest common divisor of 182 and f?
26
Suppose 47*l = 43*l + 11660. What is the greatest common factor of l and 106?
53
Suppose -4*n - 28 = 5*z - 5*n, -4*n = -2*z - 22. Let q be (-4 - z)*15*1. Calculate the greatest common divisor of 3 and q.
3
Let t = 136 + -126. Suppose -4*n + 4*f - 12 = 0, -3*f + 29 = -5*n + 12. Let h be 1 + 0 - (n + -25). What is the highest common factor of t and h?
10
Suppose 1 = 4*d - 127. Let z be d/18 - (-2)/9. Let r be ((-48)/20)/(z + 32/(-15)). Calculate the greatest common divisor of 4 and r.
2
Let p(f) = 14*f**2 - 4*f - 12. Let c be p(3). Let t(s) = 2*s**2 - 5*s + 9. Let k be t(3). What is the highest common factor of k and c?
6
Let l be -2*(36/42)/((-28)/3577). Let b(f) = f**3 + 3*f**2 - f + 3. Let a be b(-3). What is the highest common factor of a and l?
3
Let k(s) = 45*s + 116*s - 54*s - 39*s**2 - 5*s**3 + 41 + 4*s**3 + 2*s**3. Let o be k(36). What is the greatest common divisor of 390 and o?
5
Let z be (2/(-3))/(2/(-246)). Let d(v) = 108*v**2 - 4*v - 2. Let a be d(2). Let t = a - 299. What is the greatest common divisor of z and t?
41
Let b(k) = 32*k**3 - 9*k**2 + 3*k + 6. Let n be b(1). Calculate the greatest common factor of 22432 and n.
32
Let d be (-3)/((-9)/7148) + 34/(-51). Suppose 8*t = 18 + d. What is the highest common factor of 24 and t?
12
Suppose 0*r = -r + a + 460, -4*a = 3*r - 1345. Suppose -11 + r = 37*o. Suppose -21 = -2*n + 3. Calculate the greatest common divisor of o and n.
12
Let t = -21941 - -21946. Let f be (2/4 + 0)*6. Let j(v) = 18*v + 1. Let w be j(f). What is the greatest common divisor of w and t?
5
Let x(i) = 256*i + 5040. Let v be x(-18). Suppose 3*o + 216 = 7*o. What is the greatest common divisor of v and o?
54
Let a be ((-6)/(-2))/(36/(-15) - -3). Suppose v - a*h = -v + 35, -3*h = -3. What is the highest common factor of v and 15?
5
Let h be ((-22)/6)/(3/(-27)). Let q be -16*(6/20)/((-192)/20960). Suppose 522*j = q*j - 6. What is the highest common divisor of j and h?
3
Suppose 5*w = 4*j + 12, 3*j - 3*w + 2 = -w. Suppose j*c - 44 = 7*c + 3*m, 0 = -4*c + 2*m - 44. Let r = c + 38. What is the greatest common divisor of r and 28?
28
Suppose 8*m - 5*m + 2*n - 4994 = 0, -5*m = 4*n - 8320. Calculate the greatest common divisor of 695 and m.
139
Suppose 5*b - 4*b = 3. Let k be (6 - 6/b) + -6 + 6. Let u be 3 - -2*5 - k. What is the greatest common divisor of u and 99?
9
Let g be (((-20)/(-8))/1)/((-1)/(-2)). Let n be 4347/36 + -2 + g/4. What is the highest common divisor of 24 and n?
24
Suppose 385*y + 936 = 411*y. Calculate the highest common divisor of 192 and y.
12
Suppose -4*b + 157 = 1. Let g = 154 - 145. Let u be (10/3 - -1)*g. What is the greatest common divisor of b and u?
39
Let b be 16/(-15) + 1 - 151409/(-435). Calculate the greatest common factor of 138 and b.
6
Suppose 5*j = 121855 + 77105. Let b be 2/(-9) + j/216. Suppose -23 = -w - 0. Calculate the greatest common factor of b and w.
23
Let i(v) = v**2 - 3*v + 28. Let f be i(7). Let q be (0 + (-14)/(-4))/(f/1904). Calculate the highest common factor of 17 and q.
17
Let g(v) be the first derivative of -6*v**2 - 60*v + 32. Let t be g(-6). Calculate the greatest common divisor of 212 and t.
4
Let m be -19*(-1 - 1 - 0). Let i(c) = 5*c**2 + 8 - 26*c + 17*c - 19*c. Let u be i(7). What is the highest common factor of u and m?
19
Suppose 1922 + 18 = -4*y - 2*n, 2*y + 2*n + 970 = 0. Let q = -473 - y. What is the highest common factor of 756 and q?
12
Suppose 0 = z + 4 - 7. Suppose z*i = -4 + 28. Let g(p) = -2*p**3 + p**2 + 11*p + 10. Let u be g(-2). What is the highest common divisor of i and u?
8
Let x = 2527 - 2212. What is the highest common divisor of x and 14?
7
Let m be 5 - 1844/(-16) - (-3)/(-12). Suppose 3*a + 2*a - m = 0. Suppose 0 = 6*d - 2*d - a. What is the highest common factor of d and 9?
3
Suppose 810*a - 876*a = -13992. What is the greatest common factor of a and 3763?
53
Let h(g) = -4*g**3 - 36*g**2 - 40*g - 62. Let s be h(-10). Calculate the greatest common divisor of 861 and s.
123
Let w be (0 - -1)/((-8)/(-48)). Suppose -390 = -w*x + 210. What is the highest common divisor of 30 and x?
10
Let d = -2379 + 2591. Calculate the greatest common divisor of 795 and d.
53
Suppose 12*d - 121 - 59 = 0. Suppose 0 = -3*c + d + 3. Suppose 74 = v - 2*h, -2*h = -5*v - 7*h + 400. Calculate the highest common divisor of v and c.
6
Let w = 985 - 613. What is the highest common factor of 48 and w?
12
Suppose 5*r - 91 = -2*d + 85, 0 = -2*r + 9*d + 90. What is the highest common factor of r and 7227?
9
Let p be ((-1715)/140)/(21/(-4) - -5). Suppose 0 = -3*t + 82 + 23. Calculate the greatest common factor of t and p.
7
Suppose 0 = 2*m - 10 - 48. Suppose m*l - 720 = 24*l. Suppose -11*a - l = -17*a. Calculate the highest common divisor of a and 16.
8
Let u(g) = 28*g + 3. Let d be u(5). Let v(y) = -95*y - 13457. Let b be v(-142). Calculate the highest common divisor of d and b.
11
Suppose 3*z - z = -24. Let d be 13/(-52) + (5985/z)/5. Let c be 975/d*(-16)/6. What is the greatest common divisor of 286 and c?
26
Suppose -2*x + 1 = 7, -39 = -3*i + 5*x. Let t be 2080/104*(0 - (-130)/i). Calculate the highest common divisor of 25 and t.
25
Let f be 9*(-10 + (-92)/(-9)). Let w(v) = -6 + 5*v**2 - 4*v**2 + 4*v - 3. Let o be w(f). Calculate the highest common divisor of 1 and o.
1
Let t be 3/(3/((109 + 33)*3/2)). Calculate the highest common factor of t and 11289.
213
Let j = -96 + -3. Let b be 489/j*-3 - (-12)/66. Let f be 7*2 + -5 + 6. What is the greatest common factor of b and f?
15
Suppose 110880 = 226*y - 2331827 - 1124025. Calculate the greatest common divisor of 26 and y.
26
Let r(p) = -7*p + 23. Let l be r(-7). Suppose -3*y = -5*s - 5, 8*y + s + 1 = 3*y. Suppose n - 9*n + l = y. What is the greatest common divisor of 72 and n?
9
Let u = -34 - -64. Let r(k) = k**2 + 8*k + 23. Let y be r(-3). Let d be y/52 + (-1940)/(-65). Calculate the highest common divisor of u and d.
30
Suppose 45901 = 54*b + 2269. Calculate the greatest common factor of b and 606.
202
Let a = 12127 - 9608. Calculate the greatest common divisor of 66 and a.
11
Let i = -36351 - -36771. What is the highest common factor of 366 and i?
6
Let j(q) be the third derivative of -q**5/60 - q**4 - 9*q**3/2 - 55*q**2. Let s be j(-21). Calculate the greatest common divisor of s and 32.
4
Suppose 4*s = -b + 352, 4*b - 138*s - 1354 = -136*s. What is the highest common divisor of 1105 and b?
85
Let l be (10 - 5/1)/(3/18). Suppose -4*p + 14 = 3*f - 1, 0 = -3*f + p + l. Calculate the highest common divisor of 171 and f.
9
Suppose 9*a - 8494 = 1388. Calculate the greatest common divisor of 488 and a.
122
Let l be (384/(-36))/(-1*(-8)/(-12)). Suppose l*z + 299 = 2619. Calculate the greatest common divisor of 29 and z.
29
Let p be (-9 + -10)*(33 + -36 + 1). Let m = -270 - -435. Suppose -4*n + 215 = -m. What is the highest common divisor of n and p?
19
Suppose 0 = -2*r + 5436 + 922. What is the highest common factor of r and 22?
11
Let w(x) = -2*x + 4 + 4*x - 2*x**2 + 0*x**3 - x**3. Let z = 1285 + -1286. Let m be w(z). Calculate the highest common factor of m and 11.
1
Let l be (-7 - -6)/(2/946). Let x = l + 522. Let d = -139 - -335. What is the greatest common factor of d and x?
49
Let p be ((-103999)/(-895))/(3 + -1 + (-109)/55). Calculate the highest common divisor of 77 and p.
77
Suppose 160*m - 159*m - 5 = 0. Suppose 2*k - 4*r - 589 = 863, m*k + 5*r - 3600 = 0. What is the highest common factor of k and 38?
38
Let n = 68 + -64. Suppose 5*r - 3*c = 123, -n*r + 50 = -2*r - 2*c. Let g be (3 + (-5 - -1))*-48. What is the greatest common divisor of g and r?
24
Suppose